2*h(y). What is the tens digit of u(4)?
5
Let q = 20040 + -8465. What is the units digit of q?
5
Suppose -y - 15 = 5*o - 0*y, 2*o - 5*y = -6. Let t(b) = b**2 + 4*b + 5. Let c be t(o). What is the units digit of (-2)/c + 800/8?
9
Let x(z) = -z**2 + 3*z + 61. Let w be x(-6). Suppose -44 = -w*h + 19. What is the units digit of h?
9
What is the tens digit of ((16 - 13) + 8514)/((-3 - 0)/(-3))?
1
Let z = 77 - 32. Suppose -z + 125 = 2*n. What is the units digit of n?
0
Suppose 178 - 37 = -3*s + 3*p, 0 = p + 1. Let b = -46 - s. Let j(x) = 66*x**2 + x - 1. What is the hundreds digit of j(b)?
2
Let x(v) = 2*v**2 - 15*v - 3. Let k(z) = -z**2 - 3*z - 1. Let c(h) = -6*k(h) + x(h). Let b be (2/(-6))/(3/18). What is the units digit of c(b)?
9
Let k(v) = -2*v**3 - 4*v**2 + 1. Let f be k(-2). What is the tens digit of 3 + f*(5 + -1553)/(-4)?
9
Suppose 97*u = -229*u + 8698332. What is the hundreds digit of u?
6
Let i(z) = z**2 - 17*z - 36. Suppose 41 = -4*j + u, -6*j + 5*j = -2*u + 19. What is the units digit of i(j)?
8
Suppose 3*p - 37 + 11 = 4*r, -r = -3*p + 2. Let k(o) = -o**2 - 2*o + 3. Let j be k(-5). What is the units digit of (-654)/r - 3/j?
2
Suppose -2*z + 114 = -5*r - 6*z, 2*z - 112 = 4*r. Let k = 42 - r. Let q = k + 14. What is the units digit of q?
2
Let y = -57 + 24. Let o be (-2)/6 - 3212/y. Suppose 5*r - 2*u - o = 2*r, 0 = 4*r + u - 133. What is the tens digit of r?
3
Let p = 14 + 25. Let x = p + -89. Let m = 129 + x. What is the tens digit of m?
7
Let j = 5301 + -1763. What is the tens digit of j?
3
Let t(j) = 994*j - 10. Let z(v) = -332*v + 3. Let g(l) = 4*t(l) + 14*z(l). What is the hundreds digit of g(-1)?
6
Let c(u) = -4*u**3 + u**2 - 2*u - 5. Let z be 6/18*9*(1 - 0). Suppose -5*g - 11 = z*r - 2, 3 = -r + 3*g. What is the tens digit of c(r)?
1
Suppose -2*c + 31889 = t, -9*t - 15 = -14*t. What is the hundreds digit of c?
9
Suppose 2*v + 5634 = 4*y, -3*y + 4228 = -v - 3*v. Suppose i = -2, -4*b + 9*b - y = -i. What is the units digit of b?
2
What is the hundreds digit of 65793/1 - (-10542)/502?
8
Suppose 2*y = -2*y + 48. Suppose 4*j - 1 = -9, 2*j = 5*u - 1479. What is the tens digit of 3/y - u/(-4)?
7
Suppose -i - 45 = -4*h, 2*h - 4*h + 78 = -2*i. Let j = -33 - i. Suppose 4*f - j*p + 2*p - 264 = 0, -3*f = -2*p - 198. What is the units digit of f?
6
Let y(k) = -k**2 + 167*k + 2489. What is the thousands digit of y(79)?
9
Suppose -13451 - 10864 = -5*f. What is the tens digit of f?
6
Let y(l) = -1730*l - 802. What is the units digit of y(-32)?
8
Let f(s) = 2*s**3 + 15*s**2 + 18*s + 4. Let w be f(-6). Let t be 6/w*((-24)/1)/3. What is the units digit of (147/(-7))/(t/16)?
8
Let z = -325 - -328. What is the hundreds digit of z/((-36)/(-12056)) + 3/9?
0
Let q = 99394 + -49571. What is the units digit of q?
3
Let t(o) = -4*o - 2. Let u be t(-6). What is the hundreds digit of -542*((-4)/u + 7/(-22))?
2
Let j(p) = -p**2 - 12*p - 1. Let t(b) = -2*b**2 - 24*b - 3. Let o(w) = 5*j(w) - 2*t(w). Let g be o(-9). What is the units digit of g/70*110/2?
2
Let j = -43786 - -126076. What is the tens digit of j?
9
Let s = 126926 - 89488. What is the ten thousands digit of s?
3
What is the ten thousands digit of 260842/10 + (42/(-10) - -4)?
2
Suppose -2159 = -2*o + z, 0 = 2*o + 3*z - 1676 - 463. What is the tens digit of o?
7
Let f = -6422 + 9215. What is the thousands digit of f?
2
Suppose -2*o = -q - 5*o + 13, 0 = o - 4. Let b be (-442)/374 + 9/(-11) + q. What is the units digit of 2 + 3 + -3 + (-49)/b?
1
Suppose 2*f + t - 35 = 582, 5*f + 2*t - 1540 = 0. Suppose -1106 = 5*b + 2*b. Let k = b + f. What is the hundreds digit of k?
1
Let d = 54 + -29. Let i(b) be the third derivative of b**4/6 + 11*b**3/3 + 23*b**2. What is the units digit of i(d)?
2
Suppose 83 + 67 = 3*s. Let j = s - -351. What is the hundreds digit of j?
4
Let d be (-1 - -2)*-1 + 48/8. Suppose -16 = -4*l - 3*t, -2*t = -3*l - d*t + 15. Suppose -l - 755 = -12*h. What is the tens digit of h?
6
Suppose 412900 = 335*y - 663*y + 338*y. What is the tens digit of y?
9
Suppose 2*u = -6 + 2, -u = g - 46. Suppose 5*a = 3*c - 242 + 90, -c = -a - g. What is the tens digit of 2 + (-1)/((-4)/c)?
1
Let y(a) = 7*a + 9. Let b(s) = -13 - 6 - 11 - 8*s + 21. Let g(h) = 2*b(h) + 3*y(h). What is the units digit of g(12)?
9
Suppose 3*q - 5 = 4, 2*s = 3*q - 17. Let g be 2/s*1*0/3. Suppose g = -7*j - j + 152. What is the tens digit of j?
1
Suppose 5 = 6*z - 11*z. Let c be (-7)/(1/(z - 2)). Suppose c - 2 = p. What is the units digit of p?
9
Suppose -3*s - 2*s + 5*a + 25 = 0, 4*s - 3*a - 15 = 0. Suppose 64 = m - 0*m + 3*g, s = -g. Let b = m + -31. What is the tens digit of b?
3
Let n(c) be the first derivative of 35*c**2 + 212*c + 195. What is the hundreds digit of n(6)?
6
Suppose -2*w = 2*d - 13062, -38*d + 37*d + 6534 = -2*w. What is the tens digit of d?
3
Suppose -15*t - 4529 + 454211 = -280113. What is the thousands digit of t?
8
Suppose 77*w - 87*w + 3560 = -46520. What is the units digit of w?
8
Let q(x) be the third derivative of x**6/120 + 3*x**5/20 - 5*x**4/12 + 7*x**3/3 - 2*x**2 - 7. What is the tens digit of q(-8)?
5
Suppose 2*k + b - 1 = -2*k, -2*k = -4*b - 14. Suppose -1026 = -13*x + k. What is the tens digit of x?
7
Suppose -46085 = 20*a - 268624 - 675541. What is the units digit of a?
4
Suppose 6*a = 11 + 7. Suppose 5*i = 4*i - 3*r - 9, -4*i + 24 = -a*r. Let v(h) = 16*h - 15. What is the units digit of v(i)?
3
Let a(m) = -m**3 - 11*m**2 - 18*m - 20. Let b be a(-8). Let g = -64 - b. Suppose 13 - 38 = 5*t, g*y + 4*t - 740 = 0. What is the hundreds digit of y?
1
Let x(h) = -h**3 - 24*h**2 - 21*h + 45. Let m be x(-23). Let u be (m/(-2))/(4/(-32)). What is the tens digit of -10*4*(-2 + u/(-8))?
6
Suppose 202*l = 121*l + 1689417. What is the hundreds digit of l?
8
Suppose -28*t - 6*t + 71230 = 0. Suppose -5*z + 5*i = -0*i - t, 0 = 3*z + 2*i - 1237. What is the units digit of z?
5
Let l(a) = -12*a - 38. Let u be l(-4). Suppose 0 = -3*t + 12, -15*s + u*s + 5*t + 3695 = 0. Suppose 6*z - s - 565 = 0. What is the tens digit of z?
1
Let y be 3/5 + 432/30. Suppose 0 = 17*r - y*r - 14. Suppose -r*s + 312 = 5*s. What is the tens digit of s?
2
Let g = 18 - -374. Suppose -i + 275 = -g. What is the units digit of i?
7
Suppose 3*o - 16*o = -21*o + 56848. What is the tens digit of o?
0
Let f(d) = 41*d**2 + d. Let a be f(3). Suppose -4*c + a = u, 0 = 4*u - c - c - 1488. Suppose -27*k + u = -23*k. What is the units digit of k?
3
Let w be (22/10 + 1)/((-112)/(-280)). Suppose 2*b = j + 89, 2*j + 3*b = w*b - 178. Let c = j + 251. What is the tens digit of c?
6
Let f(s) = 34*s**2 - 19*s + 9. Let u be f(-5). Let j = u + 300. What is the tens digit of j?
5
Suppose -2*j - 2*c + 24600 = 3*c, -c + 196878 = 16*j. What is the ten thousands digit of j?
1
Suppose -x = -3*l - 81284, 0 = 4*x - 5*l + l - 325192. What is the thousands digit of x?
1
Let u = -45 + 45. Let x(i) = -4*i + 3. Let k be x(u). Suppose k*d - 12 = 87. What is the units digit of d?
3
Suppose -332*i = -317*i - 120990. What is the tens digit of i?
6
Let n = -5873 + 13843. What is the units digit of n?
0
What is the thousands digit of -1 + 40837 + 3*10/(-6) + 5?
0
Suppose 3*w - 4*b = -0*b - 62, 0 = -w - 4*b - 26. Let n = w + 25. What is the units digit of 2/((n/(-2))/(-3))?
4
What is the hundreds digit of (12 - 41) + 38 + (157980/3 - -1)?
6
Suppose 12056 = -41*l + 382532. What is the units digit of l?
6
Suppose 55*a - 56*a = -5. Suppose 3*g = a*g + m - 807, -4 = -4*m. What is the hundreds digit of g?
4
What is the thousands digit of 7506 - ((-5)/1 + (19 - 14))?
7
Suppose -20*y = 45 - 5. What is the hundreds digit of ((-1068)/y + -2)*(-3 + 5)?
0
Suppose 2*t + 3*b - 306 - 298 = 0, 5*t - 2*b = 1510. Suppose -z - 2*o + t = 0, -2*z + 5*o = -392 - 248. What is the hundreds digit of z?
3
Let f be (-6)/4*(-5830)/33. Suppose 2325 = 2*g - x - f, 5*g - 6493 = -2*x. What is the thousands digit of g?
1
Suppose -5*f = -4*p + 158 + 169, 2*f + 166 = 2*p. Let s = 122 + p. What is the tens digit of s?
1
What is the hundreds digit of 204940/(-70)*56/(-16)?
2
Suppose -j = 30 - 32. Suppose 4*l - 2*l - 4*u - 612 = 0, 2*u + 616 = j*l. What is the units digit of l?
0
Suppose -10*g - 62 = 118. Let o = g + -2. Let c = 8 - o. What is the tens digit of c?
2
What is the hundreds digit of 2*172177/17 + ((-